at is the units digit of (14/8)/(y/72)?
2
Let j be -1*((3 - 2) + 9). Let x(v) be the first derivative of -v**4/4 - 11*v**3/3 - 9*v**2/2 + 13*v - 5. What is the units digit of x(j)?
3
Suppose -5*f + 2*r + 8882 = 0, 5*f + 58*r = 54*r + 8906. What is the units digit of f?
8
What is the hundreds digit of -1*3 + (-5)/(10/(-1808))?
9
Let s = -27 - -57. Let j be 754/s + 6/(-45). Suppose -122 - j = -3*h. What is the tens digit of h?
4
Let f(j) = -j**2 + j - 5. Let s be f(0). Let z(x) be the first derivative of x**4/4 + 2*x**3 - 4*x + 83. What is the units digit of z(s)?
1
Let q(i) = i**3 - 8*i**2 - 15*i - 8. Let h be q(11). Suppose h = c - 0*c. What is the units digit of c?
0
Suppose 6 = -b + 5*s, 5*b + s + 2 = 6*b. Let l(w) = w**2 + 3*w - 1. Let t be l(-4). Suppose -t = 2*i + 5*h, -b*h = -i - 8*h - 6. What is the units digit of i?
6
Let a(d) = d**3 + d**2 - 19*d - 17. What is the hundreds digit of a(11)?
2
Suppose j + 5*d + 12 = 0, 3*j - 3*d + 10 = -5*d. Let r = -10 + 35. Let x = r + j. What is the tens digit of x?
2
Suppose -410 = -5*o + 130. Suppose 0 = 3*w - 15*w + o. What is the units digit of w?
9
Suppose u = -4*u + b + 178, 3 = -b. What is the tens digit of u?
3
Suppose 2*j = -3*j + 15, -j + 583 = 5*a. What is the tens digit of a?
1
Suppose -5*b + 15 = 5*x, 0 = 5*b - 5*x - 7 - 18. Suppose 6*h = b*h + 10, 228 = f - h. What is the units digit of f?
3
Let z = -154 - -87. Let c = -31 - z. What is the units digit of c?
6
Let w(o) = -o**2 + 12*o - 15. Let u(x) = -x. Let f be u(-5). What is the units digit of w(f)?
0
Let a(o) = 10*o - 90. Let t(v) = -11*v + 89. Let s(b) = -4*a(b) - 5*t(b). Let j(k) = k - 6. Let z(p) = -85*j(p) + 6*s(p). What is the tens digit of z(2)?
1
Let z(p) = 58*p**2 + 29*p - 98. What is the hundreds digit of z(4)?
9
Let j(y) = 48*y**3 + 2*y**2 - y. Let t be j(1). Suppose 14 = -5*f + t. What is the units digit of 1*(4 - 3)*f?
7
What is the thousands digit of 3/(-4)*-912*(-10)/(-3)?
2
Suppose -a - 2 = -4. Suppose -5*n + 5 + 20 = 0. What is the tens digit of a/n + 408/30?
1
Let j(a) = -2 + 14*a + 5 - 7 + a**3 - 4*a**3. What is the tens digit of j(-5)?
0
Let n = 2540 - 1520. What is the tens digit of n?
2
Let o(j) = -38*j - 4. What is the tens digit of o(-1)?
3
Let s(v) = 15*v**3 - 11*v**2 - 9*v + 9. Let z(f) = 2 - 4*f - 5*f**2 - 3 + 5 + 7*f**3. Let u(m) = -6*s(m) + 13*z(m). What is the tens digit of u(2)?
1
Let s be 0*(1 + 0/2). Suppose 4*a + 5*x - 229 = s, 5*a + 4*x - 117 = 167. What is the units digit of a?
6
Suppose 2*k = 78 + 90. Suppose 0 = -10*f + 6*f. Suppose 3*b - 3*s - s - k = f, 4*b - 111 = 5*s. What is the units digit of b?
4
Let o be (-4 - 1) + 10 + 0. Suppose l - 163 = -o*x, 463 = 7*l - 4*l + 2*x. What is the hundreds digit of l?
1
Suppose 11 = -4*u + 155. What is the units digit of u?
6
Let h be (10/(-6))/(2/(-48)). Suppose 0 = 2*q - 7*q - 2*n + 8, 6 = 2*q - 2*n. Suppose 0 = -2*l + q*j + 97 + 3, -h = -l + 3*j. What is the tens digit of l?
5
Let m(c) = 6*c**2 - 14*c - 14. Let v(n) = -13*n**2 + 27*n + 28. Let h(l) = 5*m(l) + 2*v(l). What is the units digit of h(-6)?
6
Suppose f - 5*a - 422 = -6*a, 1692 = 4*f + 3*a. What is the hundreds digit of f?
4
Let z(t) = -t**3 - 13*t**2 - 14*t - 15. Let q be z(-12). Suppose 2*m + 7 = -3*l - 4, -2*m - q = l. What is the units digit of (m - -1)/((-2)/2)?
3
Let x(n) be the first derivative of -n**3/3 + 13*n**2/2 + 9*n + 3. Let l be x(8). Suppose -5*y = 2*y - l. What is the units digit of y?
7
Let y(j) = -225*j - 188. What is the units digit of y(-5)?
7
Suppose 0 = 3*k + 4*v - 5796, -3*v + 1680 = k - 257. What is the units digit of k?
8
Let y(m) = 17*m - 19. Let p be y(-8). Let n = -62 - p. What is the units digit of n?
3
Suppose 0 = 4*g + 5*t - 159 + 17, -g - 3*t + 32 = 0. Suppose g*i + 99 = 39*i. What is the units digit of i?
9
Suppose 90 = f + 2*f. Suppose -22*l + 25*l + f = 0. What is the units digit of l/(-55) - (-185)/11?
7
Let c(f) = f**2 - 2*f - 4. Let t be c(3). What is the units digit of (t + 2)/(2/162)?
1
Let c = 11 - 11. Let m(a) = -2*a**2 + 2*a + 160. What is the tens digit of m(c)?
6
Suppose 0*q + 5*q = 2*r - 348, 0 = -4*q + 16. Suppose y = -3*n + 142, -5*y + y + r = 4*n. What is the tens digit of n?
4
Suppose 4*m + 20 = 0, -3*w + 7*m - 2*m = -721. What is the hundreds digit of w?
2
Suppose -3*a + 5*a - 8 = 0. Let x(b) = 3*b**3 - 4*b**2 + 2*b - 2. What is the hundreds digit of x(a)?
1
Suppose 2 = 4*f + 18, 0 = 5*i - 4*f - 4981. What is the units digit of i?
3
Let j = 118 + -112. Suppose 0*t = -j*t + 1242. What is the units digit of t?
7
What is the units digit of -3*4/(-24) - (-2510)/4?
8
Let n(u) = -3 - 3*u**3 - u - 14*u**3 + 18*u**3. Let x be n(0). What is the units digit of 255/18 - x/(-18)?
4
Let k be 9/12*((-16)/3)/(-2). Suppose -k*c + 738 = 4*c. What is the hundreds digit of c?
1
Suppose -5*x + 19 + 39 = f, -3*x = -f + 98. Let h = 171 - f. Suppose 3*y - h = -y. What is the tens digit of y?
2
Let t = 29 + -16. Let i = -9 + t. Suppose -g + i = -10. What is the units digit of g?
4
Suppose -2*p = -3*i - 1432, 2*i + 1015 = -4*p + 55. Let g = i - -702. What is the hundreds digit of g?
2
Let g be 6/9 + 6/(-9). Suppose 2*p = 6*p. Suppose p = -y + 2*m + 13, -3*y - m + 18 = -g*m. What is the units digit of y?
7
Suppose -v + 0*v + 447 = -n, 0 = -v - 3*n + 443. What is the tens digit of v?
4
Let x(v) = -2*v - 3. Let o be (-6 + 4)*(-3)/6. Suppose -5*w + 0*w + o = -4*h, h + 16 = -4*w. What is the units digit of x(w)?
3
Let o = 9 - 11. Let c = 1 - o. Suppose 34 = -j + c*j. What is the units digit of j?
7
What is the tens digit of (-3710)/(-5) - (2 + -2)?
4
What is the hundreds digit of ((-13)/52)/(4/(-4528))?
2
Let y(g) = 15*g - 2. Let k be y(10). Let m = k + -54. What is the tens digit of m?
9
Suppose 29*v = 32*v. Suppose -a + 0*m - 2*m + 17 = v, 3*a - 84 = 5*m. Suppose -r + a + 3 = 0. What is the tens digit of r?
2
Let j(l) = -5*l**3 - 10*l**2 + 10*l - 9. What is the units digit of j(-5)?
6
Let k(b) = 338*b + 5. Let z be k(2). Let i = -303 + z. Suppose -i = -8*g + g. What is the tens digit of g?
5
Let j(r) = -3*r - 10. Let y be j(-4). Suppose g + 49 = y*g + 4*x, 0 = 3*g - 2*x - 119. What is the units digit of g?
1
Suppose -5*p + 25 = g - 0*g, -3*g = -p - 43. Suppose 5*n - 250 = -g. What is the units digit of n?
7
Let j(n) = -n**3 - 10*n**2 - 43*n + 12. What is the hundreds digit of j(-10)?
4
Suppose -i + 3*w = -890, 5*i - 4877 = -3*w - 409. What is the hundreds digit of i?
8
Let p(z) = -z - 2. Let m be p(1). What is the tens digit of (-82)/m - (20/15 + -2)?
2
Let w = -476 - -754. What is the hundreds digit of w?
2
Let t(b) = b**2 - 28*b + 70. Let m be t(26). Let k = -20 + 14. Let j = k + m. What is the units digit of j?
2
Let c = 595 + -337. What is the tens digit of c?
5
Let r(j) = 8*j - 21. Let v be 4/(-10) + 27/5. What is the units digit of r(v)?
9
Suppose -4*r + 7*r = -2*c + 7, -c = 4*r - 6. What is the units digit of c?
2
Let j(q) = -q**3 + 18*q**2 + 19*q - 116. What is the units digit of j(17)?
6
What is the thousands digit of (3/45)/((-2)/14502)*-10?
4
Suppose 752 = -19*i + 12000. What is the units digit of i?
2
Let l(t) = 34*t**2 - 10*t - 1. What is the tens digit of l(-4)?
8
Let q be 3/12 - (-57)/12. Suppose -5 + 0 = q*k. What is the units digit of -4*(-1)/((-4)/k)?
1
Let j(u) = -2*u - 8. Let b be j(-6). Suppose 2*y + 0*y + b*m - 120 = 0, 5*y - 315 = 5*m. What is the units digit of y?
2
Suppose 4841 = 11*w + 716. What is the hundreds digit of w?
3
Let d(k) = -3 + 9 + k + 7. Let n be d(-12). Let g(m) = 55*m + 1. What is the tens digit of g(n)?
5
What is the tens digit of 2/(4/1038) - (-54)/18?
2
Let k(s) = -7*s**3 - 35*s**2 - 2*s + 3. What is the units digit of k(-9)?
9
Let m be (2/4)/(-5 - 12964/(-2592)). Let u = -212 + m. What is the tens digit of u?
1
Let o(f) = -f**3 + 5*f**2 + f - 5. Let l be o(5). Suppose 2*r + r + 135 = l. What is the units digit of (-1)/(-2) - r/10?
5
Let i be 10/((4 + -3)/(-1)). Let x = i - -56. Let a = 75 - x. What is the units digit of a?
9
Suppose -2*j = -4*j + 54. Let m be (25/(-3))/(9/j). Let n = 48 + m. What is the units digit of n?
3
Let d = 31 + -26. Suppose 0 = -d*k, -5*f + 276 = -k + 86. Let w = -8 + f. What is the units digit of w?
0
Let z(x) = -x**3 - 11*x**2 - 10*x + 16. Let s be z(-9). Let b = s - -84. What is the units digit